ed by 173?
102
What is the remainder when 84141 is divided by 24?
21
Calculate the remainder when 18905 is divided by 1453.
16
What is the remainder when 737 is divided by 83?
73
What is the remainder when 10564 is divided by 2110?
14
What is the remainder when 15168 is divided by 410?
408
Calculate the remainder when 17568 is divided by 185.
178
What is the remainder when 677 is divided by 172?
161
Calculate the remainder when 106315 is divided by 119.
48
Calculate the remainder when 4180 is divided by 190.
0
What is the remainder when 11273 is divided by 5634?
5
What is the remainder when 5345 is divided by 2191?
963
What is the remainder when 54531 is divided by 6813?
27
What is the remainder when 2782 is divided by 555?
7
Calculate the remainder when 97868 is divided by 59.
46
What is the remainder when 26847 is divided by 300?
147
What is the remainder when 1442490 is divided by 117?
114
What is the remainder when 8567 is divided by 4278?
11
What is the remainder when 9197 is divided by 20?
17
Calculate the remainder when 3504 is divided by 891.
831
Calculate the remainder when 64375 is divided by 174.
169
Calculate the remainder when 173062 is divided by 11.
10
Calculate the remainder when 5746 is divided by 50.
46
Calculate the remainder when 510 is divided by 74.
66
Calculate the remainder when 41676 is divided by 105.
96
What is the remainder when 917 is divided by 340?
237
Calculate the remainder when 468513 is divided by 937.
13
Calculate the remainder when 6801 is divided by 126.
123
Calculate the remainder when 9711 is divided by 145.
141
Calculate the remainder when 15334 is divided by 5110.
4
What is the remainder when 338466 is divided by 362?
358
Calculate the remainder when 26936 is divided by 34.
8
Calculate the remainder when 22928 is divided by 101.
1
What is the remainder when 23052 is divided by 2559?
21
Calculate the remainder when 110590 is divided by 216.
214
Calculate the remainder when 2513 is divided by 2.
1
Calculate the remainder when 5882028 is divided by 385.
383
Calculate the remainder when 1355 is divided by 561.
233
What is the remainder when 22083 is divided by 10?
3
What is the remainder when 6070 is divided by 34?
18
Calculate the remainder when 1823391 is divided by 152.
151
What is the remainder when 1487 is divided by 235?
77
Calculate the remainder when 135832 is divided by 289.
2
Calculate the remainder when 1472 is divided by 545.
382
What is the remainder when 76941 is divided by 48?
45
What is the remainder when 11751 is divided by 40?
31
What is the remainder when 6013516 is divided by 1407?
1405
Calculate the remainder when 288 is divided by 134.
20
What is the remainder when 111109 is divided by 1822?
1789
Calculate the remainder when 4911 is divided by 1626.
33
What is the remainder when 77814 is divided by 9726?
6
Calculate the remainder when 4963 is divided by 986.
33
What is the remainder when 4553 is divided by 1039?
397
Calculate the remainder when 10835 is divided by 405.
305
What is the remainder when 9333 is divided by 203?
198
Calculate the remainder when 772728 is divided by 69.
66
Calculate the remainder when 6563 is divided by 739.
651
Calculate the remainder when 147 is divided by 9.
3
Calculate the remainder when 45848 is divided by 45845.
3
What is the remainder when 121952 is divided by 53?
52
What is the remainder when 785830 is divided by 137?
135
Calculate the remainder when 7494 is divided by 385.
179
What is the remainder when 8460 is divided by 8446?
14
What is the remainder when 5327 is divided by 5266?
61
What is the remainder when 13977 is divided by 3?
0
What is the remainder when 2180822 is divided by 5?
2
Calculate the remainder when 129673 is divided by 43218.
19
Calculate the remainder when 37952 is divided by 9.
8
What is the remainder when 1395 is divided by 459?
18
Calculate the remainder when 957 is divided by 419.
119
What is the remainder when 4374 is divided by 623?
13
What is the remainder when 4704593 is divided by 26?
23
What is the remainder when 106738 is divided by 464?
18
What is the remainder when 9602 is divided by 3149?
155
Calculate the remainder when 326 is divided by 242.
84
What is the remainder when 50746 is divided by 449?
9
Calculate the remainder when 22895 is divided by 162.
53
What is the remainder when 4529 is divided by 1679?
1171
Calculate the remainder when 1839 is divided by 908.
23
What is the remainder when 61592 is divided by 1283?
8
What is the remainder when 24918 is divided by 225?
168
What is the remainder when 10492 is divided by 74?
58
What is the remainder when 54403 is divided by 45?
43
Calculate the remainder when 118405 is divided by 87.
85
Calculate the remainder when 13507 is divided by 4284.
655
What is the remainder when 1191723 is divided by 29?
26
What is the remainder when 4033 is divided by 663?
55
Calculate the remainder when 2914 is divided by 11.
10
What is the remainder when 10328 is divided by 63?
59
What is the remainder when 37786 is divided by 82?
66
Calculate the remainder when 5397 is divided by 131.
26
What is the remainder when 11698 is divided by 102?
70
Calculate the remainder when 71450 is divided by 52.
2
What is the remainder when 21586 is divided by 317?
30
What is the remainder when 20318 is divided by 46?
32
What is the remainder when 52690 is divided by 475?
440
What is the remainder when 116433 is divided by 6849?
0
Calculate the remainder when 3265 is divided by 363.
361
Calculate the remainder when 1184 is divided by 1144.
40
What is the remainder when 919 is divided by 197?
131
What is the remainder when 220238 is divided by 545?
58
What is the remainder when 1745 is divided by 573?
26
Calculate the remainder when 5900 is divided by 1176.
20
What is the remainder when 13002 is divided by 6496?
10
What is the remainder when 29797 is divided by 191?
1
Calculate the remainder when 294043 is divided by 17296.
11
Calculate the remainder when 84574 is divided by 4698.
10
What is the remainder when 2133 is divided by 912?
309
What is the remainder when 2540 is divided by 420?
20
What is the remainder when 18795 is divided by 47?
42
Calculate the remainder when 224361 is divided by 33.
27
What is the remainder when 167931 is divided by 78?
75
Calculate the remainder when 146283 is divided by 110.
93
What is the remainder when 11241 is divided by 938?
923
Calculate the remainder when 68055 is divided by 463.
457
Calculate the remainder when 1907294 is divided by 16.
14
What is the remainder when 62084 is divided by 839?
837
What is the remainder when 1777 is divided by 104?
9
What is the remainder when 10849 is divided by 70?
69
Calculate the remainder when 1269 is divided by 60.
9
Calculate the remainder when 193078 is divided by 60.
58
What is the remainder when 82593 is divided by 14?
7
What is the remainder when 154139 is divided by 34?
17
What is the remainder when 7149 is divided by 104?
77
Calculate the remainder when 28644 is divided by 2602.
22
What is the remainder when 3154 is divided by 503?
136
Calculate the remainder when 29761 is divided by 330.
61
Calculate the remainder when 30893 is divided by 16.
13
What is the remainder when 12651 is divided by 1075?
826
Calculate the remainder when 1222209 is divided by 41.
40
Calculate the remainder when 3720 is divided by 1843.
34
Calculate the remainder when 66845 is divided by 78.
77
Calculate the remainder when 154 is divided by 69.
16
What is the remainder when 14246 is divided by 43?
13
Calculate the remainder when 423083 is divided by 115.
113
What is the remainder when 23219 is divided by 2026?
933
Calculate the remainder when 440 is divided by 58.
34
Calculate the remainder when 957539 is divided by 26.
11
What is the remainder when 6654 is divided by 832?
830
Calculate the remainder when 39284 is divided by 1050.
434
What is the remainder when 113373 is divided by 7558?
3
Calculate the remainder when 1798 is divided by 674.
450
What is the remainder when 285 is divided by 52?
25
What is the remainder when 10277 is divided by 63?
8
Calculate the remainder when 8451 is divided by 1377.
189
Calculate the remainder when 5539 is divided by 2763.
13
What is the remainder when 2563 is divided by 61?
1
What is the remainder when 1810 